a) = 1877*a + 5619. Calculate l(-3).
-12
Let l(m) = m**3 - 24*m**2 - 298*m - 20. Calculate l(-9).
-11
Let s(u) = 1274*u + 22935. What is s(-18)?
3
Let j(a) = a**3 + 98*a**2 - 234*a - 3404. Calculate j(-100).
-4
Let r(t) = -t**3 - 32*t**2 + 59*t - 34. Give r(-34).
272
Let k(s) = s**2 - 39*s - 2358. Determine k(72).
18
Let u(h) = 2*h**2 + 42*h + 4. Determine u(-13).
-204
Let y(t) = 7*t**2 + 54*t - 439. Determine y(7).
282
Let l(t) = -t**3 + 96*t + 22. What is l(-10)?
62
Let k(h) = -3098*h + 3049. Calculate k(1).
-49
Let k(y) = 26*y**2 + 132*y + 18. Calculate k(-5).
8
Let y(z) = 339*z - 1353. What is y(4)?
3
Let f(b) = -15*b**3 + 11*b + 26. Calculate f(-2).
124
Let d(p) = -2*p**2 - 48*p - 15. Give d(-26).
-119
Let s(o) = 30*o + 1474. Determine s(-47).
64
Let m(z) = -20*z**2 + 264*z - 21. What is m(13)?
31
Let k(i) = -53*i + 883. Give k(19).
-124
Let j(d) = -22*d + 90. Calculate j(-6).
222
Let t(b) = -b**2 - 73*b - 390. What is t(-7)?
72
Let m(x) = x**3 + 498*x**2 - 477*x + 10985. Calculate m(-499).
7
Let i(p) = -7*p - 28. Determine i(5).
-63
Let h(v) = v**3 - 75*v**2 - 172*v + 1383. Determine h(77).
-3
Let y(g) = -g**3 + 15*g**2 - 72*g + 106. Determine y(7).
-6
Let q(m) = -554*m - 39332. What is q(-71)?
2
Let q(c) = -c**2 - 15*c + 37. What is q(-24)?
-179
Let d(v) = -14*v**2 + 2*v - 13. What is d(3)?
-133
Let k(q) = 34*q - 890. Give k(31).
164
Let h(y) = -y**3 - 81*y**2 - 1528*y + 171. Calculate h(-51).
69
Let h(v) = v**3 - v**2 - 10*v - 8. What is h(0)?
-8
Let b(p) = -142*p - 18386. Calculate b(-130).
74
Let u(j) = -j**3 + 12*j**2 + 121*j - 1410. Determine u(13).
-6
Let b(f) = 64*f + 15025. Calculate b(-235).
-15
Let t(l) = l**3 + 7*l**2 - 19*l + 23. Determine t(-9).
32
Let l(g) = -4447*g - 22240. What is l(-5)?
-5
Let r(w) = 3*w - 149. Determine r(41).
-26
Let c(g) = 2*g**2 + 101*g - 2231. Determine c(-67).
-20
Let x(k) = -k**3 - 78*k**2 - 606*k + 123. Determine x(-9).
-12
Let r(u) = 14*u**2 - 534*u + 3424. Calculate r(30).
4
Let o(d) = -9*d**2 - 33*d + 19. Determine o(6).
-503
Let j(m) = -3*m**3 - 104*m**2 - 64*m + 148. What is j(-34)?
12
Let l(n) = 34*n + 1112. What is l(-32)?
24
Let x(a) = 60*a - 1293. Give x(20).
-93
Let v(i) = -19*i**2 - 24*i - 19. Give v(-4).
-227
Let d(p) = 36*p + 436. Determine d(-12).
4
Let n(u) = 6464*u - 3. Give n(0).
-3
Let m(h) = 32*h + 30. Determine m(-3).
-66
Let k(v) = -15*v + 20. Calculate k(6).
-70
Let v(t) = -2*t**2 + 90*t + 321. What is v(47)?
133
Let t(w) = -31*w - 958. Calculate t(-31).
3
Let p(t) = -502*t**2 + 491*t + 14. Give p(1).
3
Let v(p) = -2*p**2 - 47*p + 32. What is v(-18)?
230
Let x(m) = -4*m**2 + 29*m + 116. Calculate x(-3).
-7
Let g(b) = 3*b**2 + 29*b + 47. Calculate g(-11).
91
Let o(g) = -18*g - 330. Determine o(-18).
-6
Let u(y) = -y**3 - 35*y**2 + 343*y - 34. Give u(-43).
9
Let i(a) = -33*a + 3766. Calculate i(114).
4
Let t(y) = -5*y**2 + 268*y - 1448. Calculate t(6).
-20
Let z(i) = -3*i**2 + 216*i - 651. Determine z(3).
-30
Let j(b) = -b**3 - b**2 + 72*b + 16. What is j(7)?
128
Let s(i) = -i**3 + 2*i**2 + 6*i + 14. Calculate s(4).
6
Let r(i) = -10*i**3 + 5*i**2 - 485*i + 960. Give r(2).
-70
Let i(o) = -o**3 - 20*o**2 - 66*o + 2. Give i(-16).
34
Let h(x) = 2*x**2 + 40*x + 217. Give h(-10).
17
Let o(b) = -14*b**2 - 17*b + 15. Calculate o(-4).
-141
Let q(r) = 65*r**2 - 61*r - 62. Determine q(-1).
64
Let s(k) = 2*k**3 + 62*k**2 - 4*k - 128. Determine s(-31).
-4
Let m(g) = g**3 + 71*g**2 - 62*g + 700. Calculate m(-72).
-20
Let o(z) = 2*z**2 + 51*z + 222. Calculate o(-5).
17
Let p(g) = g**2 - 31*g - 216. Give p(-6).
6
Let i(w) = -2*w**3 - 12*w**2 - 3*w - 15. What is i(-6)?
3
Let w(v) = 572*v - 5163. Give w(9).
-15
Let f(o) = 3*o**2 + 127*o + 208. What is f(-41)?
44
Let y(r) = 14*r + 747. Determine y(-57).
-51
Let q(l) = l**3 - 8*l**2 + 5*l + 1. Determine q(4).
-43
Let o(h) = -12*h**3 - 3*h**2 - 12*h + 29. What is o(3)?
-358
Let d(n) = -5*n + 11. Calculate d(-47).
246
Let v(z) = 15*z + 10. Give v(-1).
-5
Let k(v) = 2*v**2 + 45*v + 3. Give k(-20).
-97
Let u(a) = -74*a - 1051. Determine u(-14).
-15
Let x(y) = -y**3 - 5*y**2 + 12*y + 67. Give x(-6).
31
Let i(d) = d**2 - 7*d + 30. Give i(5).
20
Let y(h) = 2*h**2 + 25. What is y(7)?
123
Let o(n) = -n**3 + 100*n**2 - 187*n - 852. Calculate o(98).
30
Let z(k) = 47*k - 1084. What is z(37)?
655
Let k(c) = -61*c - 134. Give k(-4).
110
Let l(i) = 12*i**2 + i. Determine l(1).
13
Let t(k) = 29*k + 2022. Determine t(-70).
-8
Let g(b) = -3*b**2 - 67*b + 101. Determine g(-19).
291
Let o(r) = -r**3 + 27*r**2 + 3*r - 71. Calculate o(27).
10
Let p(l) = -4*l**2 + 180*l - 1738. Give p(14).
-2
Let s(b) = -b**2 + 56*b - 613. What is s(50)?
-313
Let c(q) = -q**3 - 11*q**2 - 9*q + 90. Give c(-9).
9
Let k(a) = -2*a**3 + 88*a**2 + 600*a - 1. What is k(50)?
-1
Let m(y) = y**2 - 28*y + 206. Determine m(16).
14
Let n(c) = c**3 - 41*c**2 + 48*c + 63. What is n(40)?
383
Let x(y) = y**3 - 20*y**2 + 30*y + 9. Determine x(18).
-99
Let r(h) = -35*h + 67. What is r(12)?
-353
Let o(p) = -768*p + 3831. Determine o(5).
-9
Let g(s) = 14*s**2 + 258*s + 32. Determine g(-16).
-512
Let s(x) = -2*x**3 + 312*x**2 + 315*x - 165. What is s(157)?
-8
Let o(n) = 23*n + 60. Determine o(-13).
-239
Let t(y) = -5*y**2 + 59*y - 14. Determine t(6).
160
Let d(u) = -u**3 + 47*u**2 + 102*u - 166. Calculate d(49).
30
Let k(t) = -t**2 - 54*t + 225. Give k(4).
-7
Let t(f) = -38*f - 27. Calculate t(-2).
49
Let l(j) = j**3 + 36*j**2 + 35*j. Give l(-35).
0
Let p(q) = -2*q**3 + 19*q**2 - 3*q - 44. What is p(6)?
190
Let k(n) = -n**3 + 6*n**2 - n - 15. Give k(6).
-21
Let p(w) = w**3 + 33*w**2 + 201*w + 5. What is p(-8)?
-3
Let y(u) = u**2 + 25*u - 842. Determine y(19).
-6
Let d(j) = -106*j**3 - 7*j**2 + 4*j + 2. What is d(1)?
-107
Let q(n) = -n**2 - 137*n + 3864. Determine q(-161).
0
Let r(x) = -2*x**3 - 5*x**2 + 6*x - 13. What is r(-6)?
203
Let n(g) = 15*g**2 + 252*g + 619. Determine n(-3).
-2
Let r(j) = 21967*j - 263603. Calculate r(12).
1
Let c(u) = -25*u**2 - 2510*u + 1524. Calculate c(-101).
9
Let u(t) = -t + 156. Give u(4).
152
Let r(t) = t**2 + 18*t + 31. Give r(-27).
274
Let k(n) = -2*n**3 - 66*n**2 + 2*n + 93. Calculate k(-33).
27
Let b(h) = -46*h**2 + 283*h - 46. Give b(6).
-4
Let g(p) = 2*p**2 + 116*p - 338. Determine g(3).
28
Let i(y) = -y**3 - 67*y**2 - 95*y - 1834. Determine i(-66).
80
Let x(l) = 2*l**2 - 5*l - 52. Determine x(7).
11
Let g(v) = 6*v - 25. What is g(-15)?
-115
Let a(d) = -d**3 - 27*d**2 - 15*d - 495. Give a(-28).
709
Let q(n) = n**2 + 4493*n - 18008. Give q(4).
-20
Let r(d) = -d**3 - 3*d**2 - 58*d + 206. Determine r(3).
-22
Let h(l) = -l**3 - 12*l**2 + 32*l - 179. Calculate h(-15).
16
Let c(g) = -g**3 - 29*g**2 - 10*g + 502. Give c(-28).
-2
Let p(i) = 2*i**3 - 15*i**2 - 5*i + 75. Determine p(7).
-9
Let g(j) = -j**3 + 10*j**2 - 12*j - 21. Give g(9).
-48
Let s(u) = -340*u - 5093. What is s(-15)?
7
Let w(p) = -1533*p + 9208. Calculate w(6).
10
Let f(a) = a**3 - 35*a**2 - 35*a - 42. What is f(36)?
-6
Let v(o) = -5*o**3 + 22*o**2 - 21*o - 7. What is v(3)?
-7
Let a(k) = 2*k**3 - 23*k**2 + 15*k - 60. Calculate a(11).
-16
Let g(f) = -39*f - 3149. Calculate g(-82).
49
Let v(s) = -s**3 + 38*s**2 - 50*s + 186. Determine v(37).
-295
Let g(s) = s**3 + 10*s**2 + 52*s + 231. Calculate g(-7).
14
Let y(q) = 55*q**2 + 3186*q - 208. What is y(-58)?
24
Let a(t) = t**3 + 45*t**2 - 185*t - 4273. Give a(-47).
4
Let y(z) = z**3 + 17*z**2 - 42*z - 19. Determine y(-19).
57
Let q(n) = -3816*n + 19085. Determine q(5).
5
Let o(t) = t**2 + 64*t + 119. What is o(-2)?
-5
Let q(d) = -d**3 - 9*d**2 + 7*d - 12. What is q(-8)?
-132
Let o(c) = 12*c - 637. Determine o(51).
-25
Let q(i) = -2*i**2 + 47*i - 60. What is q(24)?
-84
Let v(m) = 375*m - 2399. Calculate v(6).
-149
Let f(h) = -h**3 + 7*h**2 - 625*h + 5053. Give f(8).
-11
Let t(g) = 103*g + 566. What is t(-6)?
-52
Let s(n) = 6*n**3 + 6*n**2 + 16*n + 60. Calculate s(-4).
-292
Let l(u) = 22*u + 249. Determine l(-14).
-59
Let j(m) = -5*m**2 + 460*m + 472. Calculate j(93).
7
Let l(j) = 2*j**2 - 77*j + 391. What is l(6)?
1
Let m(i) = -11*i + 1232. Determine m(111).
11
Let k(n) = 2*n**2 + 70*n + 28. What is k(-29)?
-320
Let z(i) = -21*i - 1445. Give z(-68).
-17
Let w(j) = -j**3 - 64*j**2 - 177*j + 367. Determine w(-61).
1
Let f(z) = z**3 + 25*z**2 + 134*z - 14. What is 